et m be 27/(-18)*34/3. Determine q(m).
-5
Let m = -9 - -8. Let j(f) be the second derivative of 4*f**5/5 + f**3/6 + f**2/2 + 2433*f. Calculate j(m).
-16
Let p(k) = -k + 65. Suppose 7*x = 92*x - 850. Determine p(x).
55
Let w(h) = 99*h + 36. Let d(r) = 16*r + 1. Let b(u) = -6*d(u) + w(u). Give b(-8).
6
Let t(a) be the first derivative of -a**5/60 - 5*a**4/12 - a**3/2 + 187*a**2/2 - 115. Let x(s) be the second derivative of t(s). Determine x(-10).
-3
Let h(v) = v**2 + 12*v - 68. Let j be h(4). Let o be ((-23)/184)/((-2)/(-20))*j. Let l(y) = 2*y + 1. Determine l(o).
11
Let x(d) = d**3 + 8*d**2 + 3*d + 17. Suppose -100*c - 344 = -57*c. Give x(c).
-7
Suppose 2*y - 3*j = -4*j, 10 = 4*y - 3*j. Let p be y + -4 + (-6)/18*3. Let o(t) = -t**2 + t + 2. Calculate o(p).
-18
Suppose -5*s = 5*l + 810, 3*s = -l - 89 - 67. Let w = 153 + l. Let o(y) = y**3 + 13*y**2 + 13*y + 5. What is o(w)?
-7
Let j(d) = d**3 + 6*d**2 + 3*d - 1. Let q(f) = 3*f**3 + 6*f**2 - 6*f + 2. Let w be q(-3). Let a be w + (7 - 5) + 1. What is j(a)?
19
Let n(i) = -4 - 17*i**2 + 15*i**2 - 6*i**3 - 2*i**2 - i - 5*i + 2*i**3. Determine n(-2).
24
Suppose -q - 3*q = 200. Let p = 54 + q. Let n be (-10)/p*(-8 - -10). Let u(s) = s**3 + 5*s**2 + 4. Calculate u(n).
4
Let u(q) = -q**3 + 5*q**2 + 6*q - 18. Suppose -o = -2*d + 7, -2*d + 59*o - 57*o + 4 = 0. Determine u(d).
12
Let u be 280/(-60) + (-2 - (-3)/(-9)). Let p(f) be the third derivative of f**6/120 + 2*f**5/15 + 5*f**4/24 - 7*f**3/6 + 15*f**2. Give p(u).
7
Suppose -10*v + 23 - 23 = 0. Let h(b) = 7*b + v + b - 6*b + 2. Give h(5).
12
Let k(w) be the second derivative of w**3 + 2*w**2 + 6*w. Let f = 204 - 207. Determine k(f).
-14
Let w = 54 + -36. Suppose 20*q - w*q = 36. Let r(l) = -q*l - 17*l + 34*l - 4. Give r(3).
-7
Let l(i) = i + 2. Let c(j) = -7*j - j**2 + 2296 + 2306 - 4609. Let n be c(-7). Give l(n).
-5
Let l(n) = -15*n + 8. Let d = -25192 + 25189. Determine l(d).
53
Suppose -40*a + 14477 = -9*a. Let m(h) = 3 - 456*h - h**3 + 922*h + 3*h**2 - a*h. Give m(4).
-17
Let x(q) = -105*q - 19. Let f(g) = -393*g - 78. Let c(l) = 4*f(l) - 15*x(l). Determine c(8).
-3
Let b(d) = -d**2 + 6*d + 4. Let m(r) be the second derivative of -r**3/6 + 6*r**2 - 7*r - 2. Let a be m(5). Give b(a).
-3
Let t = 277707 - 277714. Let y(k) be the first derivative of -k**4/4 - 5*k**3/3 + 8*k**2 + 7*k + 1. Give y(t).
-7
Let z(n) = 2*n**3 + 31*n**2 - 83*n - 1090. Let j be z(-16). Let i(r) = -r**2 - 18*r - 14. What is i(j)?
-14
Suppose -346*u + 4*u + 109 = -575. Let m(o) = 32*o - 72. Give m(u).
-8
Let d(f) = -12*f**2 - 1 + 19*f**2 - f + 6*f + f**3. Let w = -7 + 11. Suppose -x + w*v - 28 = x, -16 = -4*v. What is d(x)?
5
Let z(n) be the first derivative of 15*n**2/2 + 11*n + 1. Let r(a) = 8*a + 5. Let p = 1230 + -1219. Let y(i) = p*r(i) - 6*z(i). Give y(-8).
5
Let o(p) = p**2 + 4*p - 3. Let x be (-15)/2*172/(-215). Let q be -3*(-4 - -6 - 4/x). Calculate o(q).
-3
Let b be -7 + 6 - (3 + 1 + -4). Suppose v = 1, -5*o + 42 = 4*v - 7. Let j(p) = -3 - 2*p + o - 7. Give j(b).
1
Let b(z) = -22*z**2 + 38*z**2 + 5*z - 42 - 70 + 116. Give b(-1).
15
Let v(q) = q**3 - 12*q**2 + 10*q + 10. Let o = -1 + 7. Suppose -o*l = -5*l - 11. Give v(l).
-1
Let t(y) = 3*y**3 + 3*y**2 + y + 3. Let l(q) be the first derivative of -7*q**4/4 - 2*q**3 - q**2/2 - 7*q - 78. Let m(v) = 2*l(v) + 5*t(v). Calculate m(-4).
-27
Suppose 8*c + 198 = -3*c. Let v be (5/3)/(-3 - 69/c). Suppose -6*g + 3*g - v*d - 13 = 0, -2 = d. Let y(f) = -2*f + 3. Determine y(g).
9
Let q(w) = -7*w**2 + 2*w - 5. Let v(o) = -18*o**2 + 3*o - 12. Let j(c) = -26*q(c) + 10*v(c). Calculate j(11).
10
Suppose 0 = -4*d + 4*t, d + 3 = -t + 7. Suppose 12*k = 11*k + d. Let x(m) = 9*m + 3 - 6*m - k*m + 3. Determine x(8).
14
Let k(u) = 109*u - 97. Let l(d) = 129*d - 98. Let m(i) = 6*k(i) - 5*l(i). What is m(10)?
-2
Let t(y) = -100*y + 8. Let g(p) = 69*p - 5. Let b(d) = 3*g(d) + 2*t(d). Calculate b(-6).
-41
Let b(p) = 61*p**2 - 4*p. Let y(t) = -76*t**2 + 3*t + 3. Let k(g) = 5*b(g) + 4*y(g). Let w be (-6)/(-15) - 43/(-5). Determine k(w).
21
Let p(z) = z**2 - 16*z + 31. Suppose 28 - 1 = 2*o + u, 3*u - 53 = -4*o. Let t be p(o). Let l(f) = 3 - f - 6*f + t*f + f**2 - f. Give l(3).
-3
Let s(c) = -527*c**2 - 527*c**2 - 35*c - 522*c**2 + 2105*c**2 - 528*c**2 + 55. Determine s(33).
-11
Let p be (-28)/(-16) + -2 + (-210)/(-40). Let x(c) = -6*c + 10. Give x(p).
-20
Let b be 1/(-2)*(-70)/5. Let v(k) = -2*k**2 + 9*k - 13. Determine v(b).
-48
Suppose -10469012*u + 356 = -10469101*u. Let j = 13 - 9. Let a(t) = -j*t**2 + 2*t - t + 5*t + 3 - t**3. Give a(u).
-21
Suppose -u = 4*z - 16, -57 + 61 = 4*u + 4*z. Let s(w) = -2*w + 3. Give s(u).
11
Let n(p) be the third derivative of 0*p**4 + 0 + 0*p + 6*p**2 - 1/10*p**5 - p**3 - 1/120*p**6. Determine n(-6).
-6
Suppose 378 = 20*c - 1022. Let y(k) = -71 - c - 8*k + 146 - k**2. Give y(-9).
-4
Let q(o) = 4*o + 79 + 80 + 107 - 263. Let w = 4 + 0. Suppose 0 = w*v - 4 + 12. Give q(v).
-5
Let p(l) = 7*l**2 - 4*l - 6. Suppose 250*h = 371*h + 121. Give p(h).
5
Let x(s) = -14*s**3 + 6*s**2 + 6*s - 7. Let q(u) = u**3 - u**2 - u + 1. Let y(a) = 6*q(a) + x(a). Let z be (-4)/((-260)/39)*15/9. Give y(z).
-9
Let p(i) = i**2 - 8*i + 8. Let b(c) = 4*c + 37. Let o(v) = -v - 12. Let h(t) = 2*b(t) + 7*o(t). Suppose -14*m - 60*m + 1184 = 0. Let q be h(m). Calculate p(q).
-4
Let z(i) be the second derivative of 3*i**5/5 - i**4/12 - i**3/3 - i**2/2 + 74*i + 1. Let q be 2/(-15) + 39*9/(-405). Give z(q).
-12
Let q(r) = 124933*r**3 + 0*r + r - 2*r**2 - 62471*r**3 - 2 - 62477*r**3. Determine q(-2).
108
Let u be (-4)/34 - (-14432)/136. Let l = u - 100. Suppose 2*a - 3*c = 9, -2*a = 2*c - 8 - l. Let s(o) = o**2 - 8*o + 5. What is s(a)?
-7
Suppose -4*d + 72 = -16. Suppose f + d - 29 = 0. Let o(a) = 2*a - 8. Determine o(f).
6
Let n(m) = m**3 + 90*m**2 - 366*m + 937. Let j be n(-94). Let u(f) = 4*f - 2. What is u(j)?
-14
Let w be 0/(-9)*(0 + 1). Suppose w = -4*s + s - 4*k - 15, -4*s + 4*k = 48. Let h(o) = -o**2 - 14*o - 10. Determine h(s).
35
Let f(n) = -12*n + 6. Let g be f(3). Let k = -22 - g. Suppose -5*t + t = k. Let z(h) = h**2 + 1. Calculate z(t).
5
Let v be 42/(-28)*(-1 - (-14)/(-6)). Let r(l) = l + l**3 - 8 + 2 - 4*l + v*l + 4*l**2. Let c be r(-2). Let n(q) = 3*q**3 + 2*q**2 + 4*q + 3. Calculate n(c).
-21
Let b(k) = -k**3 + 2*k**2 + 25*k + 68. Let m be b(7). Let h(p) = -25*p - 40. Determine h(m).
10
Let t(m) = -m**2 - 3*m + 3. Let o(z) = -23*z - 15. Let d be o(-11). Suppose -3*s - 2*n - d = 0, 2*s + n - 2 = -160. Let a = -81 - s. Calculate t(a).
3
Let o(r) = 65 - 73 - 46 - 59 + 19*r. Give o(7).
20
Let d(y) = y**3 - 4*y + 3. Let h = 191 - 189. Suppose -a + 2 = 2*t, 0 = h*t + t - 5*a - 29. Give d(t).
18
Let r = -10323 + 10330. Let v(x) = -x**3 + 7*x**2 + 8*x - 1. Determine v(r).
55
Let m(t) = 77*t - 458. Suppose -2*r + 104 - 92 = 3*d, -30 = -5*r + 3*d. Give m(r).
4
Let d(f) be the second derivative of -3*f**3/2 - 3*f + 12. Let z(x) = -x**2 - 5*x + 3. Let y be z(-3). Let u = 8 - y. Determine d(u).
9
Suppose -5*k - 29 = 2*i, 11*k + 31 = 6*k - 3*i. Let q(x) = x**2 + x + 1. Let n = -25 + 24. Let w(g) = -2*g**2 - 2*g + 2. Let r(j) = n*q(j) - w(j). What is r(k)?
17
Let b(u) be the third derivative of u**5/12 + u**4/8 - 13*u**3/2 - 42*u**2. Let z(s) be the first derivative of b(s). Calculate z(-3).
-27
Let p(h) = -h**2 + 9*h + 9. Let y = 63 + -54. Let t = 30 - 30. Let n be 4 + y + 6/(t + -2). Calculate p(n).
-1
Suppose -3*s + 3*i = -2*s - 21, 5*i + 31 = s. Let p(w) be the second derivative of -w**3/2 + 2*w**2 + 3*w - 937. Determine p(s).
-14
Let f(j) = -98*j + 499. Let h(a) = -725*a + 3491. Let z(w) = -15*f(w) + 2*h(w). Determine z(25).
-3
Let r(h) = -8*h - 20. Let y be r(-3). Suppose -5*f + w - 101 = -0*w, 0 = -y*f + 2*w - 82. Let s = 21 + f. Let i(n) = -n + 1. Determine i(s).
0
Let r(u) = -3*u + 22. Suppose -75 + 220 = 29*p. Let d(f) = 4*f - 25. Let a(j) = p*d(j) + 6*r(j). What is a(-6)?
-5
Let u(k) = 9*k + 38. Let y(v) = -93*v - 375. Let d(z) = -29*u(z) - 3*y(z). Calculate d(-3).
-31
Let q(r) = r**3 + 13*r**2 + 8*r - 44. Let k be q(-12). Let n(t) = t**3 - 1398*t - 8*t**2 + 1393*t + k*t**2 + 4. Suppose -5*z + 29 = 4. Calculate n(z).
4
Suppose -2*k + 64 = -4*j, -4*k + 26 = -3*j - 97. Suppose 7*t - 3*t = -3*z + 15, -2*z - k = -4*t. Suppose -t*s + s + 10 